What is the highest common divisor of f and 135?
15
Let f be (-2 + -1 - 0) + 31. What is the highest common divisor of f and 70?
14
Let a(h) = 8*h - 1. Let f be a(-9). Let x = f - -181. Let p = 4 + 8. Calculate the greatest common factor of x and p.
12
Let i be (-3 - -3 - 34)*-1. Calculate the highest common factor of i and 17.
17
Suppose 9*v - 1035 = -0*v. Suppose 0 = -5*p - 0*p. Suppose p = t - 6 - 17. What is the highest common divisor of t and v?
23
Suppose -m = m - 4. Suppose 10 = m*a + 2. Let t be 54*a/18*6. What is the highest common factor of 9 and t?
9
Let d(n) = n**2 - 7*n - 2. Let r be d(7). Let f be (-36)/(-2) - r - -2. What is the greatest common factor of 33 and f?
11
Suppose 4*t - 188 = -5*f, 0 = 5*f - 4*t - 164 - 8. Suppose -5*y + y = -f. Let b be 1 + 0 + -4 - -12. Calculate the greatest common factor of y and b.
9
Suppose 0 = -2*j + 7*j. Let h = 0 + j. Let f be -1 - (h + 3 - 10). What is the highest common divisor of 66 and f?
6
Let p(q) = -q - 11. Let f be p(-10). Let g be -1 - (324/(-2) - f). Let n be ((-10)/(-1))/(5/10). What is the highest common divisor of n and g?
20
Let o(d) = -6*d - 9 + 2 + 0*d - d. Let k be o(-7). What is the greatest common divisor of k and 6?
6
Let x(j) be the first derivative of -3*j**2 - j + 2. Let h be x(-1). Suppose s = 5*v - 18, 6*v + h*s = 2*v + 26. What is the greatest common factor of 16 and v?
4
Let o = -14 - -16. Suppose 4*y - o*y - 8 = 0. Calculate the greatest common factor of y and 1.
1
Suppose 2*v - 66 = -u, -3*v + 2 + 97 = -4*u. What is the greatest common divisor of v and 11?
11
Suppose -b + 5*b - 336 = 0. Let c = -51 + b. Calculate the greatest common factor of c and 3.
3
Let v = -116 - -201. Suppose -l + 0*l = -v. Let g(p) = 2*p + 5. Let m be g(6). What is the highest common divisor of m and l?
17
Let r = 25 + -18. Let b(f) = 25*f - 15. Let z be b(2). What is the greatest common divisor of z and r?
7
Let l = 6 + -4. Let g(h) = 3*h + 2. Let o be g(l). Calculate the highest common factor of o and 4.
4
Let l be (-194)/(-4) + 2/16*-4. What is the greatest common factor of l and 24?
24
Let a(v) = 1 + 29*v - 3 + 0. Let h be a(2). Let f(p) = -p**2 - 7*p + 2. Let g be f(-4). What is the highest common factor of g and h?
14
Let i = 183 + -126. Let x = 55 + i. Calculate the highest common factor of x and 16.
16
Suppose 0*w = -5*w - 4*n + 74, 4*w + 5*n = 61. Suppose 0 = 5*l + 5, -3*g + 7*g + 3*l = 501. What is the greatest common factor of w and g?
14
Let u(y) = -y**2 + 8*y + 5. Let p be u(7). Let j be (-12)/(-66) + 1492/22. Suppose -3*v = -j - 22. Calculate the highest common factor of v and p.
6
Suppose 0*t = -5*t. Suppose 0 = -p - t*c + 2*c + 45, 0 = c. Calculate the highest common divisor of 9 and p.
9
Let p be (3/(-4))/(5/80). Let a = 3 - p. What is the greatest common factor of 6 and a?
3
Let q be 4/(-22) - 448/(-44). Let v be (2 + 49/(-2))*-4. Calculate the greatest common divisor of q and v.
10
Let b be 28/5 + 4/10. Let p = 1 + 1. Suppose -5*k + u + 115 = 0, -p*k = 2*u - 0*u - 58. Calculate the highest common divisor of b and k.
6
Let u(y) = -3*y + 14. Let s be u(-6). Let q be (-87)/5 - 2/(-5). Let d = q + s. Calculate the greatest common divisor of d and 60.
15
Let x(n) be the third derivative of n**5/30 + n**4/3 + 3*n**3/2 - 5*n**2. Let u be x(-7). What is the greatest common factor of u and 34?
17
Suppose -2*m = 3*m - 4*p - 956, 0 = 2*p - 2. What is the highest common factor of 24 and m?
24
Let h(w) = w**2 + 126. Let u be h(0). Suppose -u = -k - 5. Let i(m) = -m**3 - m**2 + 2*m - 1. Let g be i(-3). Calculate the greatest common divisor of g and k.
11
Let q(w) = w**2 - 6*w - 2. Let p(b) = 1. Let g(u) = -4*p(u) - q(u). Let h be g(4). What is the highest common divisor of h and 15?
3
Suppose -4*z = 4*u + u - 93, -3*u = -4*z + 53. Calculate the greatest common factor of z and 187.
17
Suppose -45 = -7*w + 2*w. What is the highest common factor of 9 and w?
9
Let q be (-4)/(-2 + 10)*-4. Suppose -t + q*t - 50 = 0. Calculate the greatest common divisor of t and 20.
10
Suppose 20 = 2*h + 3*h. Suppose 0 = v + h*v + 10. Let s be v/(0 - -2) + 3. What is the highest common divisor of s and 6?
2
Let n(f) = -6*f + 1. Let m be n(-4). What is the greatest common divisor of m and 15?
5
Suppose -10 = d + 2*k - 27, -3*d - 2*k = -71. Let i = d + -16. Calculate the greatest common factor of i and 44.
11
Suppose -8*r - 80 = -12*r. Calculate the highest common factor of r and 130.
10
Suppose 0*y - 3*y + d + 42 = 0, 3*y - 4*d = 42. Let b be -2 + 0 + -3 + 7. Suppose b*t + 84 = 6*t. Calculate the highest common factor of y and t.
7
Suppose 36 + 9 = 5*j. Calculate the greatest common divisor of 27 and j.
9
Suppose -67 + 19 = -3*f. Calculate the highest common factor of 80 and f.
16
Suppose 0 = -5*q + 132 + 78. What is the highest common divisor of 70 and q?
14
Let p be (-1 - (-1 - -1))*-18. Let g(y) = 141*y. Let n be g(3). Suppose 3*r - n = 3*u, -r - 3*u + 150 = -u. Calculate the greatest common factor of r and p.
18
Suppose 40 = 5*k - 3*k. Let j = -17 + k. Calculate the greatest common factor of 27 and j.
3
Suppose 3*k = -2*k. Suppose q + k*q - 15 = 0. What is the highest common divisor of q and 3?
3
Let k be 2 - (-1 + -4 + -2). Let w be 0 - (-5 - -3) - 0. Suppose -l - 72 = -w*l. Calculate the greatest common factor of k and l.
9
Let d = 22 - 20. What is the greatest common divisor of d and 16?
2
Let w be 17/(-2)*(-14)/7. What is the highest common factor of 17 and w?
17
Let g = 10 - 8. Calculate the greatest common factor of 4 and g.
2
Suppose -10 = -j - 4. Let o = -20 - -24. Calculate the greatest common factor of o and j.
2
Let u = -74 + 75. What is the highest common factor of 9 and u?
1
Suppose 0 = -4*h + 4, n = -2*n + 2*h - 2. Suppose -s = -n*s. Suppose 4*o + s = 8. Calculate the highest common factor of o and 22.
2
Let i = 4 - 6. Let f be (-2*1 - i) + 2. Suppose 0*h + f = 5*x + 2*h, -h - 8 = -2*x. What is the highest common divisor of 20 and x?
2
Suppose -2*i - 14 = 3*f, -5*f - 40 + 8 = -i. Let n = 6 + f. Let s be (20 + (3 - n))*3. Calculate the greatest common factor of s and 46.
23
Let o be -4 + 2 + (3 - 8). Let w = 9 + o. Suppose 11 = w*m + 1. What is the highest common divisor of 5 and m?
5
Let q be ((-16)/(-2))/(6/135). Let a(l) = -3*l + 2. Let d be a(-8). Let x be (-4)/26 + 524/d. Calculate the highest common divisor of q and x.
20
Let y = 76 + -55. Calculate the highest common divisor of 14 and y.
7
Let q = 30 + -16. What is the highest common divisor of q and 14?
14
Let q(m) = -m**2 - 9*m - 9. Let n be q(-8). Let j be 0*(-2 - -3)/n. Let g be 1 + (1 + j)/1. Calculate the highest common factor of 22 and g.
2
Let z be 1 + 2/(-2) - -3. Suppose -5*c - 28 = -4*f + 73, 0 = 3*f - c - 73. What is the greatest common factor of z and f?
3
Let c be (-6)/(-6) - (1 + -2 - 86). Calculate the greatest common factor of c and 8.
8
Let a(z) = 4*z**2 + 6*z + 7. Let r be a(-2). Calculate the greatest common factor of r and 11.
11
Let l = 4 - -41. Let n be (-1 - -5) + 0/3. Suppose n*z = -20, 0*z - z + 13 = q. Calculate the highest common factor of l and q.
9
Suppose 4*m - 6*m = -6. Suppose 5*t = -5*w + 80, m*w - 28 + 6 = -t. Suppose -32 = -a + 2*x - 9, 5*a = 3*x + 80. Calculate the greatest common factor of a and t.
13
Suppose 8 = -2*b - 2*b. Suppose -3*w - 9 = -0*w. Let c be 20 + b - (0 + w). Calculate the greatest common factor of c and 147.
21
Let m be (-2 - (-19)/3)*-6. Let g = -6 - m. Let f = 6 + -1. What is the highest common divisor of g and f?
5
Let a(r) = 2*r**2 - 25*r + 8. Let l be a(16). What is the highest common factor of l and 15?
15
Let q = 11 - -3. What is the highest common factor of 154 and q?
14
Let i = -8 + 14. Let c(m) = -m**2 + 7*m + 6. Let l be c(i). Calculate the highest common divisor of l and 108.
12
Let y = 11 - 2. Suppose -3*q + 48 = -4*j, -2*q = -2*j - 21 - y. What is the greatest common factor of 12 and q?
12
Let l = 15 + -8. Let a = 6 - 5. Suppose -3*x - a = -4. Calculate the highest common divisor of x and l.
1
Let q = 9 + -6. Let a be 3 - (7/((-21)/(-9)) - 2). What is the greatest common divisor of a and q?
1
Let y(o) = -2*o - 1. Let b(j) = -3*j - 1. Let h(w) = 6*b(w) - 11*y(w). Let i be h(7). Suppose 5*n - 22 = 3*n. What is the highest common divisor of i and n?
11
Let r be 6/2